2, 0 = 4*r + 28. Calculate the remainder when 17047 is divided by y.
13
Let l be (-1358)/6*1 - (-2)/6. Let v = 198 + -318. Let q = v - l. Calculate the remainder when q is divided by 22.
18
Let o(n) = -n**3 - 6*n**2 - 19*n - 242. Suppose 39*q + 334 = 22. Suppose 0*c + 3*c = 33. What is the remainder when o(q) is divided by c?
5
Calculate the remainder when 244 is divided by 195/(-30)*(-1452)/78.
2
Suppose -12*n + 22 = -38. Suppose 15*j - 1380 = n*j. What is the remainder when j is divided by 47?
44
Suppose 3*g + 0*g = -3*w + 3198, 0 = 3*g - 15. Suppose -w = -26*o + 421. Calculate the remainder when o is divided by 37.
20
Let u = 277 - 151. Suppose 0 = u*g - 124*g + 16. Calculate the remainder when 124 is divided by 27 + g/12 + 4/(-3).
24
Let m = 27101 - 21643. Calculate the remainder when m is divided by 65.
63
Suppose 4*z + 448 = 12*z. Calculate the remainder when 163 is divided by z.
51
Let j(v) = v**3 + 15*v**2 + 24*v + 10. Let n be j(-13). Let h = 37 - n. Suppose r = 46 - h. What is the remainder when r is divided by 24?
21
Let x = 32082 - 32041. What is the remainder when 5160 is divided by x?
35
Let q(y) = -y**3 + 17*y**2 - 55*y - 1. Calculate the remainder when q(8) is divided by ((-6)/4)/(2 - 502/248).
11
Suppose -s + 125 = -203. Let t = -303 + s. What is the remainder when t is divided by 16?
9
Suppose -j + 24 = -3*z - 2*z, 0 = 2*z + 4*j - 8. Let q(r) = -r**2 + 25*r - 5. What is the remainder when q(19) is divided by (-2)/(z/(-56)*-1)?
25
Let w = 291 - 157. Let h = 324 + -366. What is the remainder when w is divided by 2/12 - 1421/h?
32
Suppose -m + 22 - 26 = 4*r, 0 = -5*r - 3*m - 5. What is the remainder when 25 is divided by (r + -20)/(-3) - (-15)/5?
5
Suppose -2*x - 137 = -3*x + 4*f, -282 = -2*x + 4*f. What is the remainder when x is divided by (89 + 2720/(-64))*(1 - (-2)/(-6))?
21
Let h = -372 + 515. Suppose -d = -s - 4, -s = 4*s - 20. What is the remainder when h is divided by d?
7
Suppose n + 5 = 4, 3*n - 84 = -3*v. Suppose 2*z - v - 5 = 0. Calculate the remainder when 15 is divided by 1/3 - z/(-3).
3
Let z(p) = 8*p**2 - 49*p + 110. Calculate the remainder when 130 is divided by z(3).
25
Let c = 71 + -42. What is the remainder when c is divided by ((-40)/(-28))/((-10)/(-28))?
1
Let k(j) = -2*j**2 + 132*j - 1726. What is the remainder when 3569 is divided by k(22)?
209
Suppose 0 = -2*c + r + 30, 0 = -2*c + 11*r - 16*r + 54. Let f be 344/20 + (-16)/(-20). Let q = f - 14. What is the remainder when c is divided by q?
1
Let b(p) = -185*p + 384. Calculate the remainder when 1301 is divided by b(2).
13
Suppose -2*c = -4, -8*y = -4*c - 2526 - 1962. What is the remainder when y is divided by 66?
34
Let c = -110 + 112. What is the remainder when 86 - ((-98)/126 + c/(-9)) is divided by 13?
9
Suppose -8*i + 4*i + 5*i = 29248. Calculate the remainder when i is divided by 45.
43
Let p be (-6)/(-18) + (64/6 - 2). Let a = 24 + 8. What is the remainder when (p + -2)*(20 + (1 - 3)) is divided by a?
30
Let i(v) = -18*v - 667. Calculate the remainder when i(-51) is divided by 204.
47
Let q = 165 - 156. Suppose -t = -7*z + 2*z - q, 5*z = 3*t - 57. What is the remainder when 95 is divided by t?
23
Let c be 3/(-4) + (-306)/(-24). Let q(l) = -18*l + 230. Calculate the remainder when 25 is divided by q(c).
11
Suppose y - 340 = -96. Let p = 248 - y. What is the remainder when p is divided by 4?
0
Let m(d) = d**3 + 27*d**2 + 53*d + 131. Calculate the remainder when m(-24) is divided by 14.
13
Let s = -8007 - -8014. Let i(q) = 3*q**2 - 8*q + 5. Let t be i(5). Suppose 100 = 3*f + t. Calculate the remainder when f is divided by s.
6
Suppose -37237 = -5*p + u, -3 = -42*u + 41*u. What is the remainder when p is divided by 35?
28
Let c = -4161 + 4174. Let h = -118 + 258. Calculate the remainder when h is divided by c.
10
Let t(g) = 15*g**2 - 5*g + 5. Let w(h) = 2*h**2 + 41*h + 229. What is the remainder when t(4) is divided by w(-8)?
22
Suppose -5*s + 1000 = -5*o - 5, -2*s + 414 = o. What is the remainder when s is divided by 42?
37
Suppose 4*a = 5*r + 20, -5*r + 2*a = -7*r + 7*r. Let k = -17 + 30. Calculate the remainder when k is divided by r.
1
Let g = -18843 + 18853. Calculate the remainder when 5767 is divided by g.
7
Suppose -7*k = 2*k - 333. Suppose -k*z + 78 = -35*z. Suppose z = 8*i - 25. Calculate the remainder when 19 is divided by i.
3
Suppose 29 - 4 = 5*b. Suppose -33 = -3*w + 3*q - 6, -4*w - b*q + 45 = 0. Let u = -3377 + 3381. Calculate the remainder when w is divided by u.
2
Suppose 13*q + d = 18*q - 1236, -3*q - 3*d + 756 = 0. Suppose -55 = -2*o + 5*r + 92, q = 3*o - 2*r. What is the remainder when o is divided by 44?
42
Suppose 2*y - r = 356, -3*y + 24*r = 23*r - 540. Suppose 2*w - 22 = -0*w. What is the remainder when y is divided by w?
8
Let y(w) be the third derivative of -4*w**4/3 - 6*w**3 + 49*w**2. What is the remainder when y(-4) is divided by 8?
4
Suppose -b - 5 = -7. Suppose -3*g - b = -4*g. Suppose g*t + 15 = 3*t. What is the remainder when 57 is divided by t?
12
Let l(h) be the second derivative of -h**5/20 + 19*h**4/12 + 11*h**3 + 8*h**2 - 158*h. Calculate the remainder when 318 is divided by l(22).
14
Suppose -81*f = -10*f + 45*f - 7656. What is the remainder when 306 is divided by f?
42
Let u be -8 + (-143)/(-22) + (-726)/(-4). Suppose 21*w - 20*w = -4*r + u, -5*r - 5*w = -225. Calculate the remainder when 89 is divided by r.
44
Suppose 8*z = 410 + 54. Suppose z*t - 1632 = 52*t. Calculate the remainder when t is divided by 23.
19
Suppose 2150 = 13*w - 177. What is the remainder when w is divided by 6/(-4)*(-60)/9?
9
Suppose 1241524 = 253*m - 210696. Calculate the remainder when m is divided by 29.
27
Let o = 9157 + -8629. What is the remainder when o is divided by 130?
8
Let v(t) = -t**2 + 6*t. Let n be v(5). Let r(b) = b + 4. Suppose 40*k = 16*k + 1416. What is the remainder when k is divided by r(n)?
5
Let d(s) = -s**2 - 9*s - 1. Let j be 4/(-3)*18/4. What is the remainder when (6*40/108)/(168/2268) is divided by d(j)?
13
Suppose 9*m = -259 - 713. Calculate the remainder when 414/5 + (m/(-45))/(-3) is divided by 22.
16
Let g = 2390 - -2659. Calculate the remainder when g is divided by 25.
24
Calculate the remainder when 117 is divided by ((-12)/21)/(((-8)/(-518))/(-2)).
43
Suppose -14761*h = -14793*h + 17472. What is the remainder when h is divided by 27?
6
Let z(c) = -29*c + 3 + 34*c - 6. Let y be z(-1). Calculate the remainder when y/28 + (-1156)/(-28) is divided by 23.
18
Suppose 4*v - 166 - 143 = -c, -2*v = c - 155. Let m(p) = 102*p - 194. What is the remainder when v is divided by m(2)?
7
Let i = 10359 - 10300. Calculate the remainder when 603 is divided by i.
13
Calculate the remainder when 159/(-106)*388/(-6) is divided by 25.
22
Let i be 2/(-5) + 14/10. Calculate the remainder when ((-428)/(-1498))/((-1)/(-140)) is divided by i*(7 - 0) + 2.
4
Suppose -1216 = 85*q - 3511. What is the remainder when q is divided by (-24)/(-15) - (-4)/10?
1
Calculate the remainder when (5/2)/(((-300)/2960)/(-3)) is divided by 19.
17
Suppose l = 3*c - 225, -c - 5*l + 61 = -30. What is the remainder when 5164 is divided by c?
72
Let f be 93/15 + (-30)/25. Suppose -385 = -3*h + 2*v, f*v + 8 - 108 = -h. Calculate the remainder when h is divided by 32.
29
Let h = 120 - 118. Let m(d) = 4 + d + 27*d**2 - 18*d**2 - 7*d**h. What is the remainder when 158 is divided by m(4)?
38
Let t(g) = 39*g**2 + 2. Let z(w) = w**2 - 82*w + 201. Calculate the remainder when t(-2) is divided by z(80).
35
Suppose p + 21 = -5*t, 7*p - 4*p - 4*t = -6. Let b(a) = -34*a - 46. What is the remainder when b(p) is divided by 55?
48
Suppose 5*s - 9 = l, 18*l + 5*s + 24 = 22*l. Let a(o) = 3*o**2 - 4*o - 1. What is the remainder when a(4) is divided by l?
9
Suppose 4*z - r = 657, 29 = 2*r + 23. Suppose 18*v = 15*v + 51. What is the remainder when z is divided by v?
12
Suppose 5 = p, 140*o - 139*o - 4*p = 807. Calculate the remainder when o is divided by 206.
3
Let r = 653 + -501. Calculate the remainder when r is divided by 44.
20
Suppose -111 = -13*x + 331. Let o = 262 + -162. Calculate the remainder when o is divided by x.
32
Let h be 3/(-15) + (-176)/(-5). Let j = h - 16. Let p(a) = a**3 - 86*a**2 + 66*a - 5669. What is the remainder when j is divided by p(86)?
5
Let o(